-m**3 - 28*m**2 + 162*m - 79. Let o be c(-33). What is the greatest common factor of 25 and o?
5
Let m be 12/(-1 - (-4 - -2)). Suppose -8*f + m*f = 20. Suppose 3*r - 137 = 2*w, 0 = f*r - 2*r + 2*w - 157. Calculate the greatest common divisor of 7 and r.
7
Suppose 1598 = 23*x - 19*x - o, 0 = 3*x + 2*o - 1204. What is the greatest common factor of x and 5?
5
Suppose 0 = -5*r + 5*m + 50, -r + 14 = 2*m + 1. Let g be r - -1 - (-18 + 17). Calculate the greatest common divisor of g and 52.
13
Let w(h) = 3*h**2 - 13*h + 6. Let s be w(5). Calculate the greatest common divisor of s and 496.
16
Suppose -5*z + 55 = -2*p, -3*z - 5*p = -1 - 1. Let k = z - -29. Calculate the highest common factor of k and 342.
38
Let d(f) = -f**3 + 14*f**2 + 16*f - 2. Let t be (-22 + 17)*(-1 - 2). Let u be d(t). Calculate the highest common factor of 208 and u.
13
Let i = -1657 + 2297. What is the highest common factor of 80 and i?
80
Let m(t) = 12*t**2 - 10*t + 8. Let j be m(2). Let c = 67 + -23. Let f be c/4 - (-1 + 0). What is the highest common divisor of f and j?
12
Let b(r) = r**2 + 3*r - 9. Let u be b(-6). Suppose 6*f + 225 = u*f. Suppose -3*a + 4*a - 15 = 0. What is the greatest common factor of a and f?
15
Let h(q) = q**3 + 12*q**2 + 23*q + 49. Let i be h(-4). What is the highest common divisor of 680 and i?
85
Let u = 209 - 57. Let n = 200 + -181. What is the greatest common factor of u and n?
19
Let t = 1 + 13. Let g be (t - 8)*(0 - -2). Calculate the highest common divisor of 108 and g.
12
Let w = 314 + -125. What is the greatest common divisor of 21 and w?
21
Let c(p) = -p. Let b(m) = 12*m - 15. Let s(z) = b(z) + 3*c(z). Let q be s(4). Calculate the greatest common factor of 3 and q.
3
Let a(k) = k**3 + 7*k**2 + 2*k + 15. Let l be a(-7). Let r be 8 + (2 - 3/(-3)). What is the greatest common divisor of l and r?
1
Suppose 0 = -4*j - 4*r + 928, -5*j + 1152 = 5*r - 2*r. Suppose -j = -6*u + 4*u. What is the highest common factor of u and 19?
19
Suppose -32*r + 27*r - 916 = -4*y, 884 = 4*y + 3*r. What is the highest common divisor of 14 and y?
14
Let z = 112 + -32. Suppose -3*a - 2*o + 2 = -104, -4*o = 5*a - 180. What is the highest common factor of z and a?
16
Let g be (-13)/(-4) + (-2)/8. Let h be (-623)/(-42) - (3 + (-38)/12). What is the highest common divisor of h and g?
3
Suppose -n - 3*j + 21 = -25, -122 = -3*n - j. Suppose 31*v = 27*v + 64. Calculate the highest common factor of v and n.
8
Let s be 1/(-2)*52*(-6)/12. Let h = -28 - -67. Calculate the greatest common divisor of s and h.
13
Let v(k) = k**2 - 3*k - 20. Let j = 23 - 16. Let h be v(j). What is the highest common divisor of 40 and h?
8
Let t(w) = 9*w**2 - 40*w - 6. Let g be t(5). Calculate the greatest common factor of 361 and g.
19
Let g = -2078 + 3064. Calculate the greatest common factor of g and 34.
34
Let z(r) = -r - 12. Let a be z(-12). Suppose 4*s = 4*q - 128, -5*q + a*s = -s - 164. Suppose -y = -27 + 5. Calculate the greatest common factor of q and y.
11
Suppose -8*s = 1440 - 4464. Calculate the highest common factor of 42 and s.
42
Let u be (-41)/(-2) + (-12)/24. What is the greatest common factor of 140 and u?
20
Let t = -75 + 246. Suppose 0*k + k = 19. Calculate the greatest common divisor of k and t.
19
Let w(t) = t**2 + 16*t - 123. Let d be w(-22). What is the greatest common divisor of 207 and d?
9
Let t be (4/(-5))/(2/(-5)). Suppose t*o - 5*o = -273. Let y = -2516 - -2529. What is the greatest common divisor of o and y?
13
Let d = -2269 - -2638. What is the highest common divisor of 9 and d?
9
Let w(q) = 11*q**3 + 2*q**2 - q + 2. Suppose i + 20 = 6*i. Suppose 0*n + 2*n = i. Let m be w(n). What is the highest common factor of 12 and m?
12
Let c(z) = z**3 - z**2 - 3. Let p be c(2). Let w be p/(2/4*2). What is the greatest common factor of w and 1?
1
Let z = -18 - -19. Suppose 2*j - z = -9. Let s be j/6*3 - -163. What is the greatest common factor of s and 23?
23
Let f(w) = -w**2 - 7*w - 7. Let r be f(-10). Let t = r - -39. Suppose -t*z = -4*j - 80, 5*z + 4*j - 140 = 2*j. What is the greatest common divisor of 10 and z?
10
Let y(v) = -10*v - 5. Let l be y(-12). What is the highest common divisor of 92 and l?
23
Let l(d) = -d**3 - 11*d**2 - 6*d - 2. Suppose 9 = 3*z - 3, z = 3*r + 37. Let y be l(r). What is the highest common factor of 160 and y?
32
Let c = -8 - -14. Let m = c - 5. Let r be (m*(-3 - 14))/(-1). What is the highest common factor of r and 17?
17
Suppose 3*i + 4*o = i + 88, 2*i + 2*o = 80. Let b = i + -33. Calculate the highest common factor of b and 6.
3
Let p be 9/((-153)/2) + 512/17. Let d(c) = -1 - 1 + c**3 + c - 7*c**2 + c. Let x be d(7). What is the highest common divisor of x and p?
6
Let l(i) = -i**2 - 8*i - 9. Let r be l(-11). Suppose 0 = 4*b + 5*j - 176 - 102, 5*b = 4*j + 368. Let k = b + r. What is the highest common divisor of k and 10?
10
Suppose 67 + 213 = 8*t. Suppose 4*f + 2*c - 5*c = 703, 0 = 4*f + 4*c - 696. Calculate the highest common factor of t and f.
35
Let d be ((-53)/(-4)*-1)/((-7)/28). What is the highest common factor of d and 265?
53
Let u be 7/(-2)*144/(-84). Suppose u*m = -14 + 80. Calculate the greatest common factor of m and 33.
11
Let a(w) = w**3 + 17*w**2 - 21*w. Let u be a(-18). Calculate the greatest common factor of u and 120.
6
Let g = 33 + -43. Let r be (-20)/g + 10*(1 + 1). Suppose u = 2 + 42. What is the highest common factor of u and r?
22
Let f(d) = -d**3 - 2*d**2 + 6*d + 5. Let c be f(-4). Suppose -3*z + c = 43. Let b be (-12)/20 + (-96)/z. Calculate the greatest common factor of b and 99.
9
Suppose 9 = -14*x + 233. Calculate the greatest common divisor of 88 and x.
8
Let d = -28 - -80. Let q be -1 - -11 - d/(-13). Calculate the greatest common factor of q and 2.
2
Let x = 4 + -1. Suppose -5*c - x*v + 5 + 55 = 0, -2*c - 7 = -5*v. Let o(t) = 3*t - 2. Let b be o(c). What is the highest common factor of b and 5?
5
Let m be 3/(-6)*-61 - (-1)/2. Calculate the highest common factor of m and 1.
1
Suppose -3*t + 5 + 7 = 0. Let a be (12 + t - -4)*10. What is the greatest common factor of a and 40?
40
Suppose 900 = 4*s - 2*s. Calculate the highest common divisor of 18 and s.
18
Suppose 9*z = 4*z + 120. Suppose 17*n = 13*n + 80. Suppose -60 = -5*j + n. What is the highest common factor of z and j?
8
Suppose -3*i + 292 = -4*t, 4*i - 356 = -3*t + 50. Calculate the greatest common divisor of i and 250.
50
Let j = 25 - -3. Let a be ((-36)/j - -5) + (-2)/(-7). What is the highest common factor of a and 12?
4
Suppose 0 = -y + 3*y - 4. Let k be 1/y - (-83)/2. Let t(n) = n**2 + 15*n - 236. Let d be t(10). What is the highest common divisor of d and k?
14
Suppose 1385*i + 204 = 1387*i. What is the highest common divisor of i and 51?
51
Let o = 10 - 10. Let n be 3 + (-441)/(-3) + o. Let b be (-2)/(-12) - (-358)/12. Calculate the greatest common factor of n and b.
30
Let b(k) = 91*k**2 + 5*k + 1. Let g be b(-1). Calculate the greatest common divisor of 51 and g.
3
Let f = -853 - -1753. Calculate the highest common factor of f and 135.
45
Suppose u + 64 = 3*u. Suppose -11 = -2*k - m, 3*m + 33 + 22 = 5*k. What is the highest common factor of k and u?
8
Suppose -6*h - 1 = -121. What is the greatest common divisor of 5 and h?
5
Let n be (-30396)/(-156) + -11 - 6/(-39). What is the highest common divisor of n and 391?
23
Suppose 19*w - 2066 = -3*f + 21*w, 4*w - 3458 = -5*f. What is the highest common factor of f and 30?
30
Suppose 0 = -370*w + 375*w - 280. Calculate the highest common factor of w and 266.
14
Let d be 25*((-11)/(-5) - -5). What is the greatest common factor of d and 36?
36
Let d = 43 + -43. Suppose d = 2*k - 4*i - 28, -8 = 3*i + 1. Let y = 16 + -8. Calculate the highest common factor of k and y.
8
Suppose u - 6 = 3*u - 4*v, -4*u - 4*v = -24. What is the greatest common divisor of u and 129?
3
Suppose -a - 2*a + 5*d = -21, 1 = -a - d. Suppose -w = -a*w + 232. Let i = w - 23. What is the highest common factor of 19 and i?
19
Suppose 141*d + 1533 = 148*d. What is the highest common factor of 146 and d?
73
Let f be (2/4 + (-72)/48)*-980. What is the greatest common factor of 20 and f?
20
Suppose -49*b + 45*b = -j - 116, 5*j = -2*b + 36. What is the highest common divisor of b and 245?
7
Let y be 8/(-18) + (-11688)/(-54). Calculate the highest 